te number?
False
Is 7967842258 composite?
True
Is 250859507 a composite number?
True
Is 163488023 a composite number?
True
Is 735237311 a composite number?
True
Is 6747530017 a prime number?
True
Is 133872854501 prime?
True
Is 729618833 a composite number?
False
Is 8202129107 composite?
True
Is 114947593 a prime number?
True
Is 172763534663 a composite number?
True
Is 52133010769 a composite number?
True
Is 117881910469 a composite number?
False
Is 472328537 composite?
True
Is 13613734699 composite?
False
Is 7631139353 composite?
False
Is 6743107951 a composite number?
False
Is 113671137747 prime?
False
Is 59761824833 prime?
True
Is 5911770881 a prime number?
True
Is 185459822 prime?
False
Is 42045327529 a composite number?
True
Is 46951128599 a composite number?
False
Is 861707881 prime?
False
Is 943617209 a composite number?
True
Is 947031961 composite?
False
Is 4644157241 composite?
True
Is 4888794661 a prime number?
True
Is 2293703569 a composite number?
False
Is 1414105613 a composite number?
True
Is 106387507 a prime number?
True
Is 82920884847 composite?
True
Is 19660497919 a composite number?
True
Is 15213753787 composite?
False
Is 7656253597 prime?
True
Is 2106046841 prime?
True
Is 19079156813 composite?
True
Is 40337281 a composite number?
False
Is 1617654329 prime?
False
Is 907929661 a prime number?
False
Is 259015701085 a prime number?
False
Is 1366865657 prime?
False
Is 21874891 composite?
False
Is 1660658707 a prime number?
False
Is 11310681197 a composite number?
False
Is 81798517 a prime number?
True
Is 711804937 composite?
False
Is 38749037 a composite number?
True
Is 5848962349 composite?
False
Is 238711351 a composite number?
True
Is 108857159 prime?
False
Is 5295695443 a prime number?
True
Is 2740919431 prime?
True
Is 129481073867 a composite number?
True
Is 112143373253 a prime number?
False
Is 166478539 a composite number?
False
Is 5134029283 composite?
False
Is 16392203957 prime?
True
Is 303694283 a composite number?
False
Is 12893082211 a composite number?
False
Is 51691230443 prime?
True
Is 1023064033 a prime number?
True
Is 122589049 a composite number?
True
Is 53331698437 composite?
True
Is 24514467457 composite?
False
Is 250407311827 composite?
True
Is 1071833173 a composite number?
False
Is 49005055589 composite?
True
Is 6418362877 a prime number?
True
Is 1799661701 a composite number?
True
Is 8133123577 prime?
True
Is 368731 composite?
True
Is 16905766139 prime?
True
Is 96425281 a composite number?
False
Is 184925223511 prime?
False
Is 3034124761 a prime number?
False
Is 5219177923 a composite number?
False
Is 10174745909 a composite number?
False
Is 2329764119 a composite number?
True
Is 1520833445 prime?
False
Is 192828465299 prime?
True
Is 826552217 a composite number?
False
Is 32065557929 a composite number?
True
Is 2616244091 a prime number?
True
Is 18526005551 prime?
False
Is 11507508211 a composite number?
True
Is 224043517 prime?
False
Is 1575168079 prime?
False
Is 1328563553 prime?
False
Is 25069293961 prime?
False
Is 29815647 a composite number?
True
Is 11086946239 a prime number?
False
Is 1421651293 prime?
False
Is 37217783 a composite number?
False
Is 91003737047 composite?
True
Is 935104201 prime?
True
Is 855610399 composite?
True
Is 3489746249 a prime number?
False
Is 24854996941 composite?
False
Is 4993958623 prime?
True
Is 65788559773 composite?
False
Is 89809033 a prime number?
False
Is 131511986717 a composite number?
True
Is 56081014867 a composite number?
False
Is 95043731 composite?
True
Is 30642901207 prime?
False
Is 11282601503 a prime number?
False
Is 160312079437 a composite number?
False
Is 63875231657 a prime number?
True
Is 623804821 a prime number?
False
Is 251757874453 prime?
False
Is 1512276041 a composite number?
False
Is 227118986 prime?
False
Is 15164021303 composite?
False
Is 2274128629 a composite number?
False
Is 2412908903 a composite number?
False
Is 262203715219 composite?
False
Is 108750389089 a composite number?
True
Is 7839334889 a composite number?
False
Is 188836579 a composite number?
True
Is 10550366273 a prime number?
True
Is 812210794 a prime number?
False
Is 14648262539 a prime number?
False
Is 4927731637 composite?
False
Is 1319045995 prime?
False
Is 601728653 prime?
True
Is 1349587193 prime?
False
Is 124967327 a prime number?
False
Is 80641453531 composite?
False
Is 265063651 a composite number?
False
Is 4362507239 a composite number?
True
Is 51969881 a composite number?
True
Is 12210626657 a prime number?
True
Is 354637237 a prime number?
False
Is 3636971581 composite?
True
Is 11659812643 a prime number?
True
Is 2137044297 composite?
True
Is 49907823187 composite?
False
Is 200639903 a prime number?
True
Is 3309247663 a prime number?
False
Is 9092018477 composite?
True
Is 20985501583 composite?
False
Is 3494901183 a composite number?
True
Is 660553571 composite?
False
Is 17915153149 a composite number?
False
Is 6632219801 prime?
False
Is 4560993419 a composite number?
False
Is 113622149891 prime?
False
Is 260142877623 a prime number?
False
Is 60687482887 prime?
False
Is 48080803699 a prime number?
False
Is 18800428607 composite?
False
Is 1325683621 a composite number?
False
Is 891817301 composite?
True
Is 274423697 a composite number?
False
Is 23500328833 composite?
False
Is 13894861 prime?
True
Is 66197541757 a composite number?
True
Is 6300883 composite?
True
Is 1418377717 composite?
False
Is 2878227127 a composite number?
False
Is 1733006311 composite?
True
Is 68557472569 composite?
True
Is 763950587 prime?
True
Is 2376771619 a prime number?
True
Is 80150654813 a prime number?
True
Is 2733539959 a prime number?
True
Is 170222747977 a prime number?
True
Is 379872966643 prime?
False
Is 3441923491 composite?
False
Is 11108358581 prime?
True
Is 38259349 a composite number?
False
Is 5303107883 composite?
False
Is 97899576667 composite?
True
Is 18788224363 a prime number?
True
Is 5204790793 composite?
False
Is 2402487767 composite?
True
Is 3245830015 a prime number?
False
Is 856774343 composite?
False
Is 22407980863 prime?
False
Is 25392005033 a prime number?
True
Is 25806692447 a prime number?
False
Is 2009022101 composite?
True
Is 243848497 composite?
True
Is 7842192599 composite?
True
Is 2287115449 prime?
True
Is 17848223227 prime?
True
Is 845546927 prime?
True
Is 20301924193 a composite number?
False
Is 566629481 composite?
True
Is 2566132883 composite?
False
Is 17829547891 composite?
False
Is 14137983317 a composite number?
True
Is 17694343 a prime number?
False
Is 170084543 prime?
False
Is 126222681401 prime?
True
Is 1350614501 a composite number?
False
Is 165631501933 a composite number?
False
Is 4872085853 a composite number?
False
Is 173549315179 composite?
False
Is 100836559 prime?
True
Is 191067389 a prime number?
True
Is 4286064539 prime?
True
Is 6931543651 a composite number?
False
Is 3481590713 a composite number?
False
Is 337431949 a composite number?
False
Is 7662573449 composite?
False
Is 12994990193 a composite number?
True
Is 470175071 a prime number?
False
Is 299894627 prime?
False
Is 806292001 a composite number?
False
Is 40780513091 composite?
False
Is 246679697 prime?
False
Is 1682613169 a composite number?
True
Is 150291997 prime?
True
Is 10508803219 a composite number?
True
Is 1834671967 composite?
False
Is 767648363 a composite number?
True
Is 128692237 a composite number?
True
Is 29003224433 a prime number?
True
Is 61233963169 a prime number?
False
Is 30975206271 composite?
True
Is 80311033379 a prime number?
True
Is 167029367 a composite number?
True
Is 364782347 prime?
True
Is 78874399 a composite number?
False
Is 42938869931 a composite number?
True
Is 10783993331 a composite number?
True
Is 263984849 a prime number?
True
Is 187081633007 a composite number?
False
Is 11413748035 composite?
True
Is 4244685589 composite?
False
Is 881847943 composite?
False
Is 15685619113 a composite number?
False
Is 15109967581 composite?
False
Is 64623088757 composite?
True
Is 2030535847 composite?
False
Is 674498549 a prime number?
True
Is 2429776519 a composite number?
False
Is 1408270961 a prime number?
False
Is 108565490651 a prime number?
False
Is 15664304503 prime?
False
Is 9921035903 composite?
False
Is 33289643005 a prime number?
False
Is 122